te the remainder when 22221 is divided by 1681.
368
What is the remainder when 4181004 is divided by 937?
110
What is the remainder when 1938789 is divided by 404?
397
Calculate the remainder when 1086923 is divided by 39.
32
Calculate the remainder when 149599412 is divided by 27.
26
Calculate the remainder when 1579531 is divided by 526495.
46
What is the remainder when 53268825 is divided by 962?
961
Calculate the remainder when 85528463 is divided by 1371.
1370
Calculate the remainder when 1018734 is divided by 2149.
108
Calculate the remainder when 32178297 is divided by 81.
75
Calculate the remainder when 935179 is divided by 935167.
12
What is the remainder when 519713 is divided by 24738?
215
What is the remainder when 656354 is divided by 8524?
6
Calculate the remainder when 569560 is divided by 803.
233
What is the remainder when 76443 is divided by 38201?
41
Calculate the remainder when 3016182 is divided by 88.
70
Calculate the remainder when 96905 is divided by 6055.
25
Calculate the remainder when 454071 is divided by 1061.
1024
What is the remainder when 924676 is divided by 294?
46
Calculate the remainder when 11565115 is divided by 5782550.
15
What is the remainder when 2955547 is divided by 4340?
7
What is the remainder when 31632596 is divided by 110?
6
What is the remainder when 111622 is divided by 689?
4
What is the remainder when 61450485 is divided by 1628?
1625
Calculate the remainder when 1479350 is divided by 18491.
70
What is the remainder when 19299 is divided by 3834?
129
What is the remainder when 2456409 is divided by 1630?
1629
What is the remainder when 1020048 is divided by 243?
177
What is the remainder when 1355646 is divided by 677820?
6
What is the remainder when 40948851 is divided by 2519?
2506
Calculate the remainder when 114973709 is divided by 609.
599
Calculate the remainder when 25989368 is divided by 258.
254
Calculate the remainder when 50858 is divided by 16795.
473
Calculate the remainder when 105071626 is divided by 1202.
1200
What is the remainder when 672852677 is divided by 292?
289
Calculate the remainder when 34898249 is divided by 3534.
3533
Calculate the remainder when 1167517 is divided by 233472.
157
What is the remainder when 5007659 is divided by 9?
5
Calculate the remainder when 124197929 is divided by 1190.
9
Calculate the remainder when 16314209 is divided by 2970.
2969
Calculate the remainder when 298971 is divided by 74733.
39
What is the remainder when 10536 is divided by 35?
1
Calculate the remainder when 1543313643 is divided by 25.
18
What is the remainder when 156140239 is divided by 17?
16
Calculate the remainder when 3804991 is divided by 3044.
3035
Calculate the remainder when 293703 is divided by 146847.
9
Calculate the remainder when 13311533 is divided by 783031.
6
Calculate the remainder when 661443 is divided by 268.
19
What is the remainder when 3699000 is divided by 4213?
4199
What is the remainder when 1711718 is divided by 29012?
10
What is the remainder when 13457892 is divided by 11?
8
Calculate the remainder when 5065313 is divided by 1485.
1463
Calculate the remainder when 40780560 is divided by 10353.
93
What is the remainder when 185227402 is divided by 537?
529
Calculate the remainder when 5812430 is divided by 447110.
0
Calculate the remainder when 86665 is divided by 1011.
730
What is the remainder when 24423644 is divided by 2537?
2482
Calculate the remainder when 2183911 is divided by 3299.
3272
What is the remainder when 30179495 is divided by 103?
83
Calculate the remainder when 9153797 is divided by 1514.
153
What is the remainder when 2740070 is divided by 7268?
34
Calculate the remainder when 5900438 is divided by 10947.
5
What is the remainder when 30087349 is divided by 1943?
1937
Calculate the remainder when 108940 is divided by 1543.
930
What is the remainder when 381555 is divided by 426?
285
What is the remainder when 56741729 is divided by 15?
14
What is the remainder when 7029052 is divided by 114?
40
Calculate the remainder when 8932208 is divided by 1026.
878
Calculate the remainder when 31893140 is divided by 363.
323
Calculate the remainder when 46822 is divided by 2595.
112
Calculate the remainder when 15371 is divided by 13553.
1818
Calculate the remainder when 10396926 is divided by 22.
12
Calculate the remainder when 80231 is divided by 79284.
947
What is the remainder when 119235 is divided by 39279?
1398
What is the remainder when 197947 is divided by 24724?
155
Calculate the remainder when 65871 is divided by 65799.
72
Calculate the remainder when 426051 is divided by 1495.
1471
Calculate the remainder when 2577287 is divided by 257624.
1047
Calculate the remainder when 283747 is divided by 10900.
347
Calculate the remainder when 286255 is divided by 62.
1
Calculate the remainder when 71755880 is divided by 8263.
8251
Calculate the remainder when 6694594 is divided by 85.
79
Calculate the remainder when 120542314 is divided by 12.
10
Calculate the remainder when 934987 is divided by 340.
327
What is the remainder when 758397 is divided by 17?
10
What is the remainder when 746248622 is divided by 697?
693
Calculate the remainder when 83406 is divided by 59.
39
What is the remainder when 1046166 is divided by 52?
30
Calculate the remainder when 10620085 is divided by 3326.
167
Calculate the remainder when 368426 is divided by 221.
19
What is the remainder when 69627 is divided by 17322?
339
Calculate the remainder when 1285994 is divided by 428662.
8
Calculate the remainder when 1012682 is divided by 256.
202
Calculate the remainder when 163000939 is divided by 284.
275
What is the remainder when 657084 is divided by 10360?
4404
Calculate the remainder when 3377270 is divided by 420.
50
What is the remainder when 19713275 is divided by 339884?
3
What is the remainder when 5769670 is divided by 1827?
4
Calculate the remainder when 95016 is divided by 1521.
714
What is the remainder when 53332 is divided by 2940?
412
Calculate the remainder when 8982 is divided by 3050.
2882
Calculate the remainder when 850453 is divided by 94461.
304
What is the remainder when 117128 is divided by 658?
4
Calculate the remainder when 13148995 is divided by 1948.
1943
Calculate the remainder when 770344 is divided by 10136.
8
What is the remainder when 60485 is divided by 562?
351
What is the remainder when 801666182 is divided by 8?
6
Calculate the remainder when 903628 is divided by 1189.
1177
Calculate the remainder when 43159160 is divided by 3835.
70
What is the remainder when 85331400 is divided by 25?
0
What is the remainder when 228028 is divided by 647?
284
Calculate the remainder when 12422 is divided by 183.
161
Calculate the remainder when 18186219 is divided by 1136.
1131
Calculate the remainder when 85473 is divided by 14233.
75
What is the remainder when 3879167 is divided by 3879101?
66
What is the remainder when 17948728 is divided by 1872?
1864
What is the remainder when 527790 is divided by 175896?
102
Calculate the remainder when 328202 is divided by 1499.
1420
Calculate the remainder when 5421877 is divided by 778.
773
What is the remainder when 5321003 is divided by 1930?
1923
What is the remainder when 58053 is divided by 2842?
1213
What is the remainder when 7048504 is divided by 471?
460
Calculate the remainder when 103967729 is divided by 1341.
1340
Calculate the remainder when 6014048 is divided by 10.
8
What is the remainder when 3244999 is divided by 1100?
1099
Calculate the remainder when 53260752 is divided by 5432.
5424
Calculate the remainder when 872720 is divided by 11955.
5
Calculate the remainder when 39281218 is divided by 30.
28
Calculate the remainder when 216063 is divided by 949.
640
Calculate the remainder when 4422700 is divided by 1095.
1090
What is the remainder when 12698 is divided by 401?
267
What is the remainder when 5771958 is divided by 1738?
60
What is the remainder when 3083193 is divided by 972?
9
What is the remainder when 4360 is divided by 402?
340
What is the remainder when 211923487 is divided by 362?
361
Calculate the remainder when 486028 is divided by 7362.
136
Calculate the remainder when 371591812 is divided by 187.
185
What is the remainder when 6920 is divided by 6063?
857
Wha